y - -317. Calculate the greatest common factor of 59 and w.
59
Suppose 51*q - 399*q + 323180 = -62*q. What is the greatest common factor of 430 and q?
10
Let z(m) = 416*m - 176. Let a be z(1). What is the greatest common divisor of 1040 and a?
80
Suppose -76*h + 27354 - 14310 = -21840. Calculate the greatest common factor of h and 969.
51
Suppose -5*f = -4*r - 584, 0 = -4*f + 41*r - 46*r + 418. Let a = -18 - -50. What is the highest common factor of f and a?
16
Let o = 172 - -101. Let g = 215 + o. Calculate the highest common factor of 8 and g.
8
Let r be 0*(-2 - -3)*1. Let m = 509 - 554. Let c be (r + m)*7/((-105)/9). What is the highest common factor of 108 and c?
27
Let l = -4 - -84. Suppose 10*n + 272 = -6*n. Let j be 51 + (-5 - n)/(-4). Calculate the highest common factor of j and l.
16
Let s = -6 + 19. Suppose 4*u - 884 = -4*g, -4*u - 741 = 3*g - 1625. Calculate the highest common divisor of s and u.
13
Let c(w) = 2*w**2 + 49*w + 50. Let h be 32/12*3*15/(-5). Let j be c(h). Let i be 13 - (3 - 1) - -2. Calculate the highest common factor of i and j.
13
Suppose 0 = 5*s - 4*b - 61, 5*b + 21 = 1. Suppose 0 = -9*n + 14*n - 300. Suppose n - 492 = -12*i. What is the greatest common divisor of i and s?
9
Let s be ((-224)/12 + 0)*(-14)/112*30. Calculate the highest common factor of s and 24430.
70
Let f(v) = v**2 - 18*v + 59. Let n = 400 - 396. Let i be f(n). What is the highest common divisor of i and 69?
3
Let l(f) = 2*f**2 - 4*f + 4. Let d be l(4). Let n be 18/((-5)/(d/(-8))). Suppose a - 2*a + 9 = 0. Calculate the greatest common factor of a and n.
9
Let a be 134/2 + -1 + 4. Suppose 2*f - 110 = -8*f. Suppose 39 - f = h. Calculate the highest common divisor of h and a.
14
Let d = -820 + 966. Suppose 3*x + p = 7*x - 6, 3*x - 3*p = 0. What is the highest common divisor of d and x?
2
Let j be 140/168 - 1 - (-1081)/6. What is the greatest common factor of j and 1332?
36
Suppose -s + 60 = -16*s. Let f(v) = 10*v**2 + 2*v - 2. Let t be f(s). Let u = 155 - t. What is the highest common factor of u and 55?
5
Let f = 96 - 21. Let b = 0 + -8. Let q(w) = w**3 + 7*w**2 - 9*w + 22. Let c be q(b). Calculate the greatest common factor of f and c.
15
Let q be 10/(-2) - (-140)/28. Suppose q = 228*h - 223*h - 40. What is the highest common factor of h and 56?
8
Suppose -d = -6, -3*k + 2*d + 887 = -1543. What is the greatest common factor of k and 44?
22
Let c be 12/42 + (-1074)/(-14). Let h(k) = -k**3 + 3*k**2 + 5*k + 2. Let d be h(5). Let o = d + c. What is the highest common divisor of 6 and o?
6
Let t(a) = -19*a**3 - 6*a**2 - 13*a - 14. Let v be t(-2). Calculate the greatest common divisor of v and 80.
20
Let b be -45*(8/2 + (-5 - -2)). Let a be ((3672/b)/(-8))/((-2)/(-10)). Let j = 59 - a. What is the greatest common divisor of j and 28?
4
Suppose 36*p - 6012 = 33*p - 3*t, -t + 4006 = 2*p. What is the greatest common divisor of 2366 and p?
182
Let o = -12 + 44. Let d(g) = g**3 + 14*g**2 + 15*g - 5. Let s be d(-15). Let z = -103 - s. Calculate the highest common factor of o and z.
32
Let b = -5523 + 5596. Calculate the greatest common divisor of 6497 and b.
73
Suppose n + 2*n = 2349. Suppose 273 = 22*v + 5*q, -46*v + 2*q - 3 = -43*v. Calculate the greatest common factor of v and n.
9
Suppose -2*u + 2*g + 54 + 34 = 0, -5*g - 85 = -2*u. Suppose -6*n + 881 + 1279 = 0. What is the highest common factor of u and n?
45
Suppose -a - 4*a = 2*p + 358, 2*p + 3*a = -354. Let y = p - -264. What is the highest common divisor of y and 45?
45
Let g be 9 - 7/(-28)*-8. Suppose -63*k = -57*k - 378. Calculate the greatest common factor of k and g.
7
Let x(f) = 7*f**2 - 27*f + 26. Let m(s) = 6*s**2 - 27*s + 26. Let a(w) = -6*m(w) + 5*x(w). Let k be a(17). Calculate the highest common divisor of 84 and k.
12
Let m(d) = 13*d**2 - 4*d - 4. Let x be m(-2). Suppose 9*u - 16 = x. Let k be 4*((-4588)/(-112) - u/(-28)). Calculate the greatest common factor of k and 33.
33
Suppose -a = 3*a + d + 109, 0 = -3*d - 15. Let y be (-9)/6*a + 1. Let c = y - 28. What is the highest common factor of 96 and c?
12
Let i(c) = 4*c**2 - 28*c - 72. Let m be i(12). Calculate the highest common factor of 7224 and m.
168
Suppose 11*v = -47 - 85. Let l be (0 - 2)/(v/90). Let a be 1*l*(10 + -9). Calculate the highest common divisor of a and 12.
3
Let b be (7 + 0)/((-1617)/(-10857)). What is the greatest common divisor of b and 94?
47
Let s(k) = k + 18. Let f be s(-10). Suppose -f*o + 15 = -7*o. Let h = o - 0. What is the greatest common divisor of 15 and h?
15
Let i = -226 - -217. Let p be (i - -399)/(1 - -1). What is the greatest common divisor of 78 and p?
39
Let g(i) = -i**3 + 5*i**2 + 58*i + 103. Let o be g(-22). What is the greatest common factor of 549 and o?
183
Let d(b) = 3*b**2 - 185*b - 2326. Let r be d(-11). What is the greatest common factor of 729 and r?
9
Suppose -c + 1 = 0, 5*t + 3*c - 4*c - 949 = 0. Let r(o) = 3*o**3 - 289*o**2 + 103*o - 634. Let h be r(96). Calculate the greatest common divisor of t and h.
38
Suppose 16958 = 19*v - 29720 - 46555. What is the highest common divisor of 21 and v?
7
Suppose 0*w + 72 = 3*w - 3*y, -w + 2*y + 28 = 0. Let v = -83 - -41. Let m be (v - -33)*20/(-3). What is the greatest common factor of w and m?
20
Suppose 4*s + s - 65 = 0. Let n(a) = -2*a**2 + 34*a + 26. Suppose 3*t = j + 2*t - 15, -2*t = -4. Let f be n(j). What is the highest common divisor of f and s?
13
Let j be (-2 - 24/(-11)) + 1145/55. Let i = 85 - 43. What is the highest common divisor of i and j?
21
Let t = 273 - 78. Suppose t + 38 = 5*x + 2*f, -5*x = -2*f - 217. Let a = x + -28. Calculate the greatest common divisor of 85 and a.
17
Let s(w) = -41*w + 74. Let k be s(0). Suppose -k - 346 = -5*h. Calculate the greatest common factor of 56 and h.
28
Let v(f) = f**3 - 11*f**2 + 7. Let p be v(-3). Let m = p - -354. What is the greatest common factor of m and 188?
47
Let r(u) = -u**3 - 16*u**2 + 36*u + 9. Let g be r(-18). Let a(o) = -o**3 + 5*o**2 + 16*o + 3. Let z be a(6). Calculate the highest common factor of g and z.
9
Let w(n) = n**3 + 13*n**2 - 7*n - 22. Let a be w(-11). Suppose -298*p + a*p = -48. What is the highest common divisor of p and 3?
3
Suppose 4*f + 3*q + q - 756 = 0, 945 = 5*f - 5*q. Let j be (-28)/8*(-29 + 23). What is the greatest common factor of f and j?
21
Let r be (6*-1)/(-5 + 4). Let w(v) = 82*v - 93. Let a be w(r). What is the greatest common factor of 57 and a?
57
Suppose 0 = 4107*f - 4089*f - 127494. What is the greatest common factor of 9 and f?
9
Let i = 654 + -554. Calculate the highest common factor of 325 and i.
25
Let y = -1053 - -1477. Let v = y + -260. What is the highest common divisor of 205 and v?
41
Suppose -31*c + 33*c - 160 = 0. Let m = c + 404. What is the highest common factor of m and 44?
44
Let n = 352 + -421. Let w = 139 - n. What is the greatest common factor of 24 and w?
8
Suppose -62*n + 56*n = -24. Suppose -2*y = -4*f + 1 + 5, -n*f = -5*y - 3. What is the greatest common factor of 1 and y?
1
Let z(q) = -2*q - 72. Let m be z(-7). Let c = -10 - m. What is the greatest common factor of c and 24?
24
Let w(f) be the first derivative of -f**2 + 30*f - 24. Let q be w(16). Let b be q - 25/(-5)*1. Calculate the highest common divisor of b and 4.
1
Let z(d) = -d**3 + 91*d**2 + 384*d - 76. Let n be z(95). What is the highest common factor of n and 10792?
152
Suppose -652*p + 37120 = -632*p. What is the highest common factor of 29 and p?
29
Suppose -5*n = -5*q - 26260, 51*q - 15726 = -3*n + 48*q. What is the greatest common factor of n and 159?
159
Let v(d) = -4*d + 4. Let q be v(-3). Let m = -35 - -231. Suppose 0 = 3*g + 8*o - 9*o - 122, -2*o + m = 5*g. What is the greatest common factor of g and q?
8
Let b(j) = 23*j**2 - j + 6. Let g = -17 + 20. Let n be b(g). Calculate the highest common factor of 63 and n.
21
Let x = -15636 + 15761. What is the highest common divisor of x and 35375?
125
Let g = -77 + 34. Let c = -39 - g. Suppose -c*n - 2*p + 40 = -94, 4*n + 5*p - 143 = 0. Calculate the greatest common divisor of n and 224.
32
Let j be (-13)/(65/(-1700)) - -2. Let z = j + -294. What is the highest common factor of 42 and z?
6
Let r = 44 + 30. Suppose -3*i - 17 = -r. Calculate the highest common divisor of i and 95.
19
Suppose 82 = -383*m + 1231. Calcul